 + i = -3*c - 2. Let v(z) = 2*z + 0 + 0 - 3*z**2 - 1. What is v(c)?
-9
Let u(m) = -m - 1. Let p(c) = 9*c - 2. Let r(n) = -4 - 1 + 6 - 4*n. Let k(w) = -3*p(w) - 7*r(w). Let s(o) = k(o) + 2*u(o). Calculate s(0).
-3
Let d(n) be the second derivative of -n**3/6 + n**2 + 2*n. Suppose -8*o = -25 - 23. Give d(o).
-4
Let k(i) be the second derivative of i**5/20 - 5*i**4/12 + 2*i**3/3 + 3*i**2/2 + 2*i. Let g = 12 - -7. Let b = g - 15. Give k(b).
3
Suppose 2*p + 20 = -4*v, v + 12 = p + 2*p. Let f be ((-2)/(-1) - -1) + 0. Let y(r) = 6*r - r**2 - r**2 + f*r**2 - 1. Calculate y(v).
-1
Let f(v) = -6*v**3 - 6*v**2 - v + 7. Suppose -6 - 16 = -4*i - 2*k, -3*k - 12 = -3*i. Let l(p) = p**3 + p**2. Let y(a) = i*l(a) + f(a). Calculate y(0).
7
Let g(a) = -a**2 + 16*a - 11. Let v be g(15). Let n be (-36)/(-27)*6/v. Let q(w) = -4*w + 7*w**n + 6*w**2 - 10*w**2. Calculate q(3).
15
Let a(l) = -l**3 + 5*l**2 + 7*l + 4. Let r be a(6). Let t = r - 6. Let s(v) = 5*v + 4 - v**3 + t*v**2 - 2 - 3. Give s(5).
-1
Suppose 0 = 4*g + m - 24, 0 = 5*g - 5*m - 0*m - 30. Let t(b) = b**2 - b + 2. Let j be t(g). Let y = j + -31. Let s(u) = 4*u + 1. Give s(y).
5
Let j = 296 - 290. Let t(h) = h**2 - 2*h - 5. Give t(j).
19
Let l(k) = k**3 + 6*k**2 + k + 3. Let a(p) = -3*p**2 + 26 + p**3 - p**2 - 23. Let s be (-2)/1*(-3)/2. Let i be a(s). What is l(i)?
-3
Let i(c) = 4*c + 5 + 10*c**2 - 5*c**2 - 11*c**2. Let n(r) = 5*r**2 - 3*r - 4. Let w(g) = -6*i(g) - 7*n(g). What is w(3)?
-2
Let s(n) = -8*n - 121. Let q be s(-13). Let u(o) = o**2 + 17*o + 4. What is u(q)?
4
Suppose -13*g - 18 = -16*g. Suppose 0 = -g*h + h + 15. Let c(u) = 2*u - 3. Let i(w) = 2*w - 3. Let j(b) = 6*c(b) - 5*i(b). Calculate j(h).
3
Suppose 12*d + 58 - 250 = 0. Let a(x) = 3 + d*x - 15 + 11. Suppose 4*f - 2 = -2*m, -m + 1 = -0*m - 4*f. What is a(m)?
15
Let i(j) = -27*j - 670 + 8*j**2 - j**3 + 18*j**2 + 721. Let o be i(25). Let s(w) = 4*w**2 - w. Determine s(o).
3
Let d be (-34)/9 - (-10)/(-45). Suppose 4*c - 10 = 18. Let m(t) = t**3 - 5*t + 11*t - 4*t + 3*t**2 - c*t - 2. What is m(d)?
2
Let t be (-33)/(-55)*(2 - 7). Suppose -14 = -5*s - 4. Let d(u) = -u**3 - 1 + 3*u**2 - 4*u - 2 - 6*u**s. Give d(t).
9
Let j(x) = -x**2 - 2*x + 3. Let q be 3/(-6) - (-214)/4. Let w = q + -56. Give j(w).
0
Let m(p) = -p**3 - p**2 - p + 1. Let o(n) = -6*n**3 - 6*n**2 - 2*n + 3. Suppose x + x - 2 = 0. Let z(v) = x*o(v) - 5*m(v). Suppose 5*c - 4 = 6. Give z(c).
-8
Let z be (-8)/4 + (-14)/(-2). Let m(i) = 2*i**2 - 7*i - 4. Let r(s) = s**2 - s - 1. Let x(l) = m(l) - r(l). Give x(z).
-8
Let d be (-1)/(-1)*(-41 - -39). Let r(t) = 2*t**2 + 4*t + 3. Give r(d).
3
Let p(t) = 3*t. Suppose -3*y = y - 12. Suppose -5*r = -5*h + 45, -y*r = -2*h + 13 + 10. Give p(r).
-15
Let p(i) = -4 - i**2 - 2 - i - 5*i. Suppose 6*n - 2*n - 20 = 0. Suppose -n*s = -c + 4*c + 38, 4*s = -c - 22. What is p(c)?
-6
Suppose 0 = 5*f + 5*t + 125, 0 = -4*f + 4*t - 14 - 46. Let l = f - -21. Let w(i) = 10*i**3 + i**2. Calculate w(l).
11
Let c(h) be the first derivative of -h**2 + h - 790. Calculate c(3).
-5
Suppose -p = 2*g + 14, 4*g + 4*p = 6*p - 12. Let h(f) = f**2 + f - 27. Give h(g).
-7
Let f(j) be the second derivative of -j**6/120 + 7*j**5/60 - j**4/12 - 7*j**3/6 - 5*j**2 - 5*j. Let n(r) be the first derivative of f(r). What is n(7)?
-21
Let f(x) = 12*x**2 - 3 + 19*x - 9*x + x**3 - 1. Give f(-11).
7
Suppose 9*q = 6*q + 9. Suppose -3*p = -2*p - q. Let t(m) = m + 6*m**2 - 4 - 12*m**2 + m**p + 0*m**2. Give t(6).
2
Let k(p) = -5*p**3 - p**2 - 5*p. Let x(m) = -4*m**3 - 5*m + 1. Let n(i) = 5*k(i) - 6*x(i). Give n(-6).
0
Let s be (-11)/(-9) + -1 + (-1580)/(-180). Let y(p) = p**2 - 8*p - 7. What is y(s)?
2
Let h(x) = -x + 4. Let k(f) = -f**3 + f**2 + f + 37. Let p be k(0). Suppose -5*u = p - 7. Calculate h(u).
10
Let d(m) = -5*m**3 + 10*m**2 - 6. Let j(f) = f**2 - 3*f. Let l be j(3). Let o(n) = -n**2 + l*n**3 - 3*n**3 + 4*n**3. Let u(c) = -d(c) - 4*o(c). What is u(6)?
6
Let i(w) = w**2 + 11*w + 4. Suppose o - 4*p + 6 = -17, 4*p = 12. Give i(o).
4
Let q(x) = x - 187*x**2 + 282*x**2 - 97*x**2. Let r(a) = -a + 4. Let i be r(6). What is q(i)?
-10
Let j(r) be the first derivative of -r**2 + r + 100. Give j(-4).
9
Let k(u) = 34*u + 114 + 111 + 108 - 332. Calculate k(-1).
-33
Let q = 373 + -369. Let s(l) = l**2 - 5*l + 10. Give s(q).
6
Suppose -w - 5 = 2*v, 5*v = -2*w - 22 + 8. Let o(t) = -t**3 - 5*t**2 - 4*t + 1. Give o(v).
1
Let h(d) = -d**2 - 8*d - 1. Suppose 3*q = -11 + 5. Let u be q*2/4 + 8. Let b = u + -14. Determine h(b).
6
Let h(u) = -u**2 - 6*u - 8. Let i = 3 + -5. Let g(x) = 3*x + 4. Let o(j) = i*h(j) - 5*g(j). Determine o(3).
5
Let y(u) = -5*u**2 - 3*u**3 + 4*u - 6 + 0 + 4*u**3. Let f be 145/35 + (18/42)/(-3). What is y(f)?
-6
Let m(d) be the second derivative of -d**4/12 - d**3/3 + d**2/2 + 9*d. Let j(k) = -k - 4. Let q = 3 - 3. Let b be j(q). Give m(b).
-7
Let x = -8 + 3. Let a(i) = i + 8. Let o be a(x). Suppose 2*u = -2*z - 7 + 17, o*u + 27 = 4*z. Let w(b) = b**2 - 3*b - 4. Give w(z).
14
Let y(q) = -q**2 + 5*q. Let m = -37 - -39. Suppose -a - 19 = -4*i, 4*a + 4 = 2*i + m*i. What is y(i)?
-6
Let r(y) be the first derivative of y**3/3 + 4*y**2 + 22*y - 316. Determine r(-7).
15
Let w(q) = 2*q**2 + 7*q + 1. Suppose -2*o + 3*c = 2*o + 8, 7*c = 3*o - 13. Calculate w(o).
16
Let h(w) = 6*w - 1. Let c = -84 - -56. Let d be (-1)/(c/12 - -2). Suppose -y + 2 = -t - 0*y, -d*t = 4*y - 1. Calculate h(t).
-7
Let o(p) = 3*p**2 - 2*p + 11. Let t(m) = 8*m**2 - 7*m + 32. Let j(w) = 11*o(w) - 4*t(w). Let u = -32 + 26. Give j(u).
-7
Let i be 1 - (-16 - 0/3). Let s = -13 + i. Suppose 0 = -v - s*b - 11 - 8, -v - 14 = 3*b. Let w(a) = -4*a**2 - a. What is w(v)?
-5
Let y(a) = 4*a**2 + 3 + 13*a**2 - a + 14*a**2 - 33*a**2. Determine y(4).
-33
Let f(x) = 5*x**2 + 4*x + 3. Suppose 5*k = 3*d - 13, -4*k - d = 21 - 14. Give f(k).
15
Let p(u) be the third derivative of u**6/120 + u**5/10 + u**4/4 + 7*u**3/6 + 414*u**2. Give p(-5).
2
Let c(h) be the second derivative of -h**5/60 + h**4/12 + 2*h**3/3 - h**2/2 + 22*h. Let f(z) be the first derivative of c(z). What is f(-3)?
-11
Let k(d) be the third derivative of d**6/120 + d**5/20 - 7*d**4/12 - 3*d**3 - 55*d**2 + d. Calculate k(-5).
2
Let v(s) = -s - 3. Let h = 73 + -90. Let r = h - -23. What is v(r)?
-9
Let s(u) = -u**2 - 28*u - 200. Let f be s(-14). Let r(d) = -d**3 - 3*d**2 + 5*d + 3. Calculate r(f).
-1
Suppose 2*h + 5 = 51. Suppose s + h = 5*a, 0 = 2*a - 5 - 5. Let p(i) = -3 + s - 4 - 3*i. Give p(-4).
7
Let z(x) be the second derivative of 0 - 1/12*x**4 + x**2 + 23*x - 1/3*x**3. What is z(-4)?
-6
Let x(h) = h - 10. Let m = 10 + -5. Let n(d) = -3 + m - 5 + 2. Let j(g) = 5*n(g) - x(g). Determine j(7).
-2
Let y(x) = -11*x**3 - 33*x**2 - 25*x + 29. Let z(k) = -20*k**3 - 63*k**2 - 49*k + 57. Let p(j) = 11*y(j) - 6*z(j). Determine p(16).
25
Let g = -9 + 8. Let l(y) = 9*y**2 - 4*y + 1. Let j(q) = 8*q**2 - 3*q + 1. Let w(k) = 6*j(k) - 5*l(k). What is w(g)?
2
Suppose w = 1, 0*r - 5*r - 3*w = -148. Let p be (-2)/(10/(-15))*5. Let z(g) = -r*g + 31*g - 5 + p. Calculate z(-7).
-4
Suppose -4*g + 1 = -23. Suppose 3*a - g = a. Let r(f) = f + 4 - a + 7*f**2 - 3 - 8*f**2. What is r(2)?
-4
Let d = 6 + -6. Let w be 4 + (d - (-1 - -3)). Let v(s) = -s**3 + 3*s**2 - 2*s - 2. Let p be v(w). Let g(m) = -m**3 - m**2 - 3*m - 1. Give g(p).
9
Let c(y) = y - 3. Let n(j) = 4*j - 12. Let s(i) = -9*c(i) + 2*n(i). Determine s(11).
-8
Let x(w) = w - 8. Suppose -387 = 2*d - 393, -3*c + d + 18 = 0. Give x(c).
-1
Let o(w) = w**3 + w**2 + w + 22. Let m be (16/(-40)*6)/((-6)/20). Suppose -b - 4*j = -m, 4*b - b + 3*j = 6. Calculate o(b).
22
Let t(q) = 2*q - 5. Let n(x) = -6*x + 12. Let i(h) = 3*n(h) + 7*t(h). What is i(3)?
-11
Let z(b) = -b. Suppose 5*q + 18 = 4*k, 57*q - 14 = -3*k + 61*q. Give z(k).
-2
Let y(a) = -3*a**3 + 2*a**2 - 3*a - 3. Let b be y(-2). Let q be 1/(-3) - b/(-15). Suppose -3*l = 4 + q. Let x(r) = 2*r**2 - 1. Determine x(l).
7
Let u(s) be the first derivative of s**2/2 + 23*s - 66. What is u(-19)?
4
Let o(h) be the first derivative of -h**3/6 + 3*h**2 + 34*h + 18. Let z(r) be the first derivative of o(r). What is z(5)?
1
Let j = 328 + -318. Let p(l) = -l + 12. Determine p(j).
2
Suppose -6*n + 4 = -2*n. Let v(o) = o**2 - o + 1. Let g(m) = 2*m**2 - 7. Let k(i) = i**2 + 6*i + 4. Let w be 